True
Is 201941213 a prime number?
True
Is 6250340419 a composite number?
False
Is 543479221 a prime number?
True
Is 60677247 prime?
False
Is 1159599073 prime?
False
Is 66653279983 prime?
False
Is 107531490589 composite?
True
Is 522280145 a prime number?
False
Is 15020986205 a composite number?
True
Is 267091397 a prime number?
False
Is 162009924001 prime?
False
Is 9319888661 composite?
False
Is 221993547 composite?
True
Is 134938457 a composite number?
True
Is 10876633039 prime?
True
Is 1239030203 a composite number?
True
Is 2402893079 a prime number?
True
Is 642047669 a composite number?
True
Is 24743371 composite?
False
Is 12460039 a composite number?
False
Is 2193967001 a composite number?
False
Is 106423649179 a composite number?
True
Is 4237053397 prime?
True
Is 771151241 a prime number?
False
Is 27798286709 a composite number?
False
Is 190079640857 a composite number?
False
Is 16157667847 a composite number?
False
Is 77703817 prime?
True
Is 98789473619 a prime number?
False
Is 2746030337 prime?
True
Is 69322411369 prime?
True
Is 713610553 composite?
True
Is 96089293 a prime number?
True
Is 956461027 composite?
True
Is 1324436261 prime?
True
Is 682721069 prime?
False
Is 75960311369 prime?
False
Is 105088117 composite?
False
Is 19245019513 composite?
False
Is 5120387021 a composite number?
False
Is 25066386827 a composite number?
False
Is 45002443987 a composite number?
True
Is 1312154313 prime?
False
Is 405067417 a prime number?
False
Is 14017629331 a prime number?
False
Is 1463968199 composite?
True
Is 12548756447 a prime number?
False
Is 602676761 composite?
True
Is 2418345439 composite?
True
Is 22265129165 a prime number?
False
Is 3837869753 prime?
True
Is 294979813 a prime number?
False
Is 1377167629 composite?
False
Is 1918668911 composite?
False
Is 16272817037 a prime number?
True
Is 1310184637 a composite number?
False
Is 12226270739 a prime number?
True
Is 184220519 composite?
True
Is 16798610393 prime?
True
Is 51925985543 composite?
False
Is 5724834431 composite?
True
Is 30742175249 a prime number?
True
Is 9520431703 composite?
False
Is 22204513921 composite?
False
Is 4846328167 a composite number?
False
Is 19290403337 prime?
False
Is 3001471318 prime?
False
Is 1497117913 a composite number?
True
Is 616928317 composite?
True
Is 1591453621 prime?
True
Is 92680741 a prime number?
True
Is 180780311 composite?
False
Is 31502742673 a prime number?
True
Is 244093983949 prime?
True
Is 24720956383 composite?
False
Is 234213713 prime?
True
Is 55373449583 composite?
False
Is 17617429693 composite?
False
Is 39064043 prime?
False
Is 6952582661 a composite number?
False
Is 309082703 a prime number?
True
Is 1616518979 composite?
False
Is 13395433369 prime?
False
Is 868107281 composite?
False
Is 65041014151 composite?
False
Is 53941081 composite?
True
Is 777362017 composite?
False
Is 4337544199 a composite number?
True
Is 1125817619 a composite number?
False
Is 1197454663 a prime number?
False
Is 5933877497 composite?
False
Is 17009071657 composite?
False
Is 1190077387 composite?
True
Is 572733811 prime?
False
Is 2124560467 composite?
True
Is 23563706831 a prime number?
False
Is 16145339351 a prime number?
False
Is 6832865387 composite?
True
Is 308147864613 composite?
True
Is 28067161839 a prime number?
False
Is 710126899 a prime number?
True
Is 9186313 a prime number?
False
Is 31805717011 a prime number?
True
Is 5856930103 composite?
True
Is 35698129169 prime?
False
Is 169932479 a composite number?
False
Is 1903304163 a composite number?
True
Is 181812615857 a prime number?
True
Is 2246304759 prime?
False
Is 3727916593 composite?
True
Is 5569617689 a composite number?
False
Is 152282190043 prime?
False
Is 657850481 prime?
True
Is 1514234021 prime?
False
Is 148993934401 composite?
True
Is 907455811 a prime number?
False
Is 397322423 composite?
False
Is 2045944837 a prime number?
True
Is 1504611079 prime?
False
Is 27797293 prime?
False
Is 948106283 a prime number?
False
Is 8716931219 a prime number?
True
Is 8019542159 prime?
False
Is 1542403279 composite?
False
Is 793810807 composite?
True
Is 1387056589 a prime number?
True
Is 427728233 a composite number?
True
Is 3543726607 a composite number?
False
Is 854383067 a prime number?
True
Is 545234609 a composite number?
True
Is 9777286087 a prime number?
True
Is 50386035607 a composite number?
True
Is 2057889013 prime?
True
Is 2342591683 a prime number?
True
Is 15236529407 composite?
True
Is 1832616143 prime?
True
Is 9748522163 prime?
True
Is 4299588511 a composite number?
True
Is 3173535649 a composite number?
False
Is 974196029 a composite number?
False
Is 828004823 a composite number?
True
Is 391243451 prime?
True
Is 7164907453 a composite number?
True
Is 8790632153 a prime number?
False
Is 237034819 a prime number?
False
Is 2128668621 composite?
True
Is 227994229 composite?
True
Is 6260662333 composite?
True
Is 3022175899 composite?
False
Is 3186236303 a composite number?
True
Is 1625515763 a composite number?
False
Is 14903473163 composite?
False
Is 20691720857 a composite number?
False
Is 65570821 prime?
True
Is 2468485343 a composite number?
True
Is 13928063243 a composite number?
False
Is 9080652965 composite?
True
Is 11628767327 a prime number?
True
Is 22500443 a prime number?
False
Is 141201631 composite?
False
Is 3358010989 prime?
False
Is 10699687571 prime?
False
Is 277395888547 prime?
True
Is 2744545031 a prime number?
True
Is 21738225317 a composite number?
False
Is 5071799491 a prime number?
False
Is 2782274155 composite?
True
Is 3614663293 composite?
True
Is 29487655751 a prime number?
False
Is 2271096059 a composite number?
False
Is 122124497 composite?
True
Is 226594427 a prime number?
True
Is 98004174811 composite?
False
Is 41235892913 a prime number?
True
Is 873432433 a composite number?
False
Is 93666163 a prime number?
False
Is 23616794459 composite?
True
Is 130680533 composite?
False
Is 64901566333 a prime number?
False
Is 824711639 composite?
False
Is 229192567 composite?
False
Is 11306729195 composite?
True
Is 61122598039 prime?
True
Is 7260084097 prime?
False
Is 15432143879 a composite number?
False
Is 247018657 composite?
False
Is 4589399447 a prime number?
False
Is 27001919 prime?
False
Is 50747184611 composite?
True
Is 25018990331 a composite number?
True
Is 17246786 prime?
False
Is 991627181 a prime number?
True
Is 5132404259 composite?
True
Is 920422459 prime?
False
Is 80706185857 a prime number?
False
Is 88814257041 composite?
True
Is 3343420658 a prime number?
False
Is 7083194369 composite?
True
Is 35136324827 a prime number?
True
Is 819136847 composite?
False
Is 7022484011 prime?
True
Is 273064091 a prime number?
True
Is 1251414683 prime?
True
Is 914139379 a prime number?
True
Is 784105157 a prime number?
False
Is 24314061817 prime?
True
Is 115440433 composite?
False
Is 21771351883 a prime number?
False
Is 6294213461 a composite number?
True
Is 585481361 a prime number?
True
Is 8829012689 prime?
False
Is 3585282553 composite?
False
Is 4804587029 prime?
False
Is 181121047 composite?
False
Is 8103800515 a composite number?
True
Is 11763285713 a composite number?
False
Is 2141120021 prime?
True
Is 366301919 prime?
True
Is 138587689 a composite number?
True
Is 10740612761 prime?
True
Is 577124537 composite?
True
Is 4129830109 composite?
False
Is 247415907917 a prime number?
False
Is 4897943539 a composite number?
False
Is 31628761 a composite number?
True
Is 1999790038 prime?
False
Is 1047556019 a composite number?
True
Is 2170321453 a composite number?
True
Is 9433314157 composite?
True
Is 238597306139 composite?
True
Is 182941873 prime?
True
Is 390982381 a composite number?
False
Is 3715071329 composite?
False
Is 299878063 a prime number?
True
Is 10499351959 a composite number?
False
Is 1600803983 a prime number?
True
Is 17429762659 a composite number?
False
Is 18519213893 a prime number?
True
Is 89801073253 a composite number?
False
Is 3822502609 a prime number?
False
Is 4159501795 a composite number?
True
Is 207665522 composite?
True
Is 636333619 a composite number?
False
Is 511122839 prime?
True
Is 1148167367 prime?
False
Is 192698123 prime?
True
Is 34127611906 a prime number?
False
Is 12127038101 prime?
False
Is 2820002039 a composite number?
False
Is 1964006